3)/(-12) - 1/(-4). Let n = -15 + q. What is the units digit of n?
8
Let y(q) = 2*q**2 - 4*q - 1. Let r be y(4). Suppose -4*n = -t - r, 4*t + 7*n = 4*n + 35. Let l(z) = z**2 - 4*z - 3. What is the units digit of l(t)?
2
What is the units digit of -1*15*(-20)/15?
0
What is the tens digit of (2 - -2) + (-205)/(-5)?
4
Suppose -5*p = -4 - 11. Suppose p*x = 3 - 0. What is the units digit of x?
1
Suppose -178 = -3*r + r. What is the units digit of r?
9
Let x be (-1)/3 - 76/(-12). Let k = -10 - -14. Suppose -k*c = d - 14, x = -3*c - 4*d + 23. What is the units digit of c?
3
Let h be (-19)/2 - (-2)/4. Let i(x) = x**2 - 3*x - 4. Let g be i(6). Let j = h + g. What is the units digit of j?
5
Let i(p) = p + 22. What is the units digit of i(20)?
2
Let w(m) = m + 3. Let s be w(7). Suppose -14 - s = -h. What is the units digit of 8/h - (-4)/6?
1
Let l(w) = w + 9. Let g be l(-5). Let p be ((-2)/(-4))/(2/(-24)). What is the units digit of ((-18)/g)/(p/8)?
6
Let a(m) = 4*m**2 - 5*m - 6. Let x be a(7). Let t = -101 + x. Suppose -4*l + t = 22. What is the units digit of l?
8
Suppose 0 = 2*z - 124 + 24. What is the tens digit of z?
5
Let z = -542 + 788. What is the units digit of z?
6
Let u be (1/2)/((-4)/(-24)). Suppose 2*h + u*h - 66 = -2*q, 76 = 5*h - 3*q. What is the tens digit of h?
1
Let q(n) = -n - 2. Let v be q(-4). Let p(k) = -1 + 0 - v*k - 1. What is the units digit of p(-8)?
4
Let c = -6 - -3. Let q be -1*(-2 - c/3). Suppose -2*i = -s + q - 2, -4*s = i - 5. What is the units digit of i?
1
Suppose -s + 24 = 3*s. Suppose 4*q = -5*r - 10, 0 = -5*r + 4*q + 12 + 18. Suppose -r*c + 6*c - s = -l, 0 = -c - 2*l + 5. What is the units digit of c?
1
Suppose 3*y - 5*b - 28 = 0, -y + 0*b + 11 = -2*b. Suppose -7 = -2*f + y. What is the units digit of f?
4
Let n(x) = -2*x**3 + x**2 - x - 1. Suppose -3*m + 4*j - 3 = 0, m + 2*j = 4*m + 3. Let p be n(m). Suppose -p*k - 16 = -5*k. What is the units digit of k?
8
Let h(a) = a**2 - 10*a + 4. Suppose 5*d - 3*d + 3*l - 14 = 0, -2*l = 4. What is the units digit of h(d)?
4
Let u(j) = 0*j + 4 + 8*j**2 + j**3 + 2*j + 3*j. What is the tens digit of u(-5)?
5
Let d(y) be the second derivative of 1/6*y**3 - 1/2*y**2 + 1/5*y**5 + 0 + 1/12*y**4 + 3*y. What is the units digit of d(1)?
5
Suppose 105 = 4*h + h. What is the tens digit of h?
2
Suppose 12 = 4*p + 4. Suppose -p*w + 44 - 6 = 0. What is the units digit of w?
9
Suppose -9 = -2*d + 13. What is the units digit of d?
1
Suppose -5 - 55 = -2*s. Suppose x - 4*x + s = 0. What is the units digit of (-8)/(-20) - (-56)/x?
6
Suppose -2*k + 4 = 2*d, 2*k = 2*d - 0 - 4. Suppose 4*w - 2*y = 98, k = y + 3*y + 12. What is the units digit of w?
3
Let i(k) be the second derivative of -1/6*k**3 + 3/2*k**2 + 0 - k. What is the units digit of i(2)?
1
What is the units digit of (-4)/6 + 1148/12 + 0?
5
Suppose 2*b + 64 = 4*c + 6*b, c - 4 = 5*b. Suppose -4*k - 16 = 0, 5*k = -4*l + l - c. Suppose l - 18 = -4*w. What is the units digit of w?
4
Suppose 5*f - 3 - 7 = 0. Suppose -f*r + 4*r - 64 = 0. What is the tens digit of r?
3
Suppose 4*m + 4*d = 44, -2*m = m - 5*d - 17. Let f be (2 - 1)/(1/5). Suppose -m = -f*b - 4*r, -5*b - 3*r = -2*r - 6. What is the units digit of b?
1
Suppose 166 = 3*l - 98. What is the tens digit of l?
8
Let z = 59 + -17. What is the units digit of z?
2
Let w = -178 + 257. What is the units digit of w?
9
Let q be (-36)/(-28) + 4/(-14). Let h = q + 3. What is the units digit of h?
4
Suppose 5*n - 7 = -4*f + 7, 2*n - f = 16. Let z = n - 0. What is the units digit of z?
6
Let q(y) be the first derivative of y**3/3 + 3*y**2/2 + 2*y + 1. Let g be 76/(-18) + (-2)/(-9). What is the units digit of q(g)?
6
Suppose -2*j + 30 = -j. Suppose 5*f + 3*o - 91 = 0, f = -f + 2*o + j. What is the tens digit of f?
1
Suppose 0 = k - 4*x - 7 + 2, -4*k = -4*x - 44. Let d = 8 + -15. Let u = k + d. What is the units digit of u?
6
Let u = -27 - -82. Suppose f + 3*h = -1 + 12, 4*f = -h + u. What is the tens digit of f?
1
What is the units digit of ((-162)/(-45) - (-2)/5) + 36?
0
Suppose -994 = -4*r + w, -w - 255 = 3*r - 997. What is the tens digit of r?
4
Suppose 4*d + a = -29 + 578, 393 = 3*d - 3*a. Suppose 4*b + 2*z = d, -2 = z - 2*z. What is the tens digit of b?
3
Suppose 5*q + 26 = g - 0*g, 0 = 3*q. Let y = 37 - g. What is the units digit of y?
1
Let x be (1*110)/((-2)/(-1)). Suppose -5*o + x = -0*o. What is the tens digit of o?
1
Let j = 12 - -4. What is the tens digit of j?
1
Let d(y) = 2*y**2 + 7*y + 6. Suppose 3*s = 3*o - 2*s + 22, -3*s + 26 = -5*o. What is the units digit of d(o)?
0
Let a = 75 - 47. Suppose -3*w - a = -85. What is the units digit of w?
9
What is the tens digit of 320/(-15)*(-9)/6?
3
Suppose -12 = -4*s + 8*s. Let f(g) = g**3 + 5*g**2 + 4*g + 1. What is the units digit of f(s)?
7
Suppose -l = 2*k + 6 + 14, 0 = -4*l - 2*k - 110. Let j = -15 - l. What is the tens digit of j?
1
Let n(q) = q**3 - q**2 + 3*q + 1. Let h be n(-2). Let k be 3/(9/6) - h. Let t = k + -9. What is the units digit of t?
0
Suppose 75 = 2*k + k. What is the tens digit of k?
2
Suppose 0 = 2*j - 6 - 6. Suppose -j - 12 = -3*p. What is the units digit of p?
6
Suppose 5*w + 0*d = 5*d - 10, -w - 5*d + 10 = 0. Let h = -6 + 0. Let x = w - h. What is the units digit of x?
6
Let d(f) = 2*f**2 + 1. Let t = -1 - 0. Let r be d(t). Suppose -r*b - 30 = -8*b. What is the units digit of b?
6
Let t(i) = -26*i + 1. What is the tens digit of t(-4)?
0
Let w(b) = b**3 + 7*b**2 + 7*b + 6. Let d be w(-6). Let g be 952/(-4) + d/(-1). What is the tens digit of g/(-22) - (-4)/22?
1
Let q = 4 - 63. Let b = -40 - q. What is the tens digit of b?
1
Let d(p) = -9*p + 77. What is the hundreds digit of d(-15)?
2
Let v = -4 - -8. Suppose -2*s = -4*q + 12, -v*s - q - 1 = -22. Suppose 14 = 2*y - 4*w, 0*w = 5*y - s*w - 23. What is the units digit of y?
3
Let d be (-4)/18 - 34/9. Let z(c) be the first derivative of -c**4/4 - c**3 + c**2/2 - 2*c - 4. What is the tens digit of z(d)?
1
Suppose -58 = n - 140. What is the units digit of n?
2
Suppose -w = 3*r - 2, 0*r - 10 = -r - 5*w. Suppose -3*j = -r*j - 12. Suppose 3*c - 23 = -5*b + 3*b, 0 = j*b + c - 51. What is the tens digit of b?
1
Let n(j) = 15*j + 3. What is the tens digit of n(6)?
9
Suppose 0 = c - 1 - 1. Suppose c = q - 0. What is the units digit of q?
2
Let d(i) = -i**3 + i**2 - 2*i + 1. Let z be d(1). Let k = z - -11. What is the tens digit of k?
1
Let y = -5 - -5. Suppose y = -x - 4*x + 60. What is the units digit of x?
2
Let k(r) = r**2 + 6*r + 7. Let w be -4*(2 + (-3 - 1)). Let b = 2 - w. What is the units digit of k(b)?
7
Suppose 5*s - 170 = -5*i, -s - 2*i + 33 = -0*s. What is the tens digit of s?
3
Let a(o) be the first derivative of -3*o**4 + o**2/2 - 4. What is the tens digit of a(-1)?
1
Suppose 3*f - 15 = -0*f. Let q = f - -22. What is the tens digit of q?
2
What is the units digit of (4/(-12) + 1)*(-69)/(-2)?
3
What is the tens digit of -58*(-4)/8 + 4?
3
Suppose 2*t - 3 - 3 = 0. Suppose -2*y - 1 = -2*k - t, 4*y - 2*k - 8 = 0. Suppose -y*w = 2*f - 6*f - 59, 25 = -5*f. What is the tens digit of w?
1
Let j = -98 - -177. Suppose 5*t = -4 + j. What is the tens digit of t?
1
Let s(z) = z**2 - 11*z + 13. Let t be s(10). What is the tens digit of -10*2/(-4)*t?
1
Suppose 5*j - 255 = 790. What is the hundreds digit of j?
2
Suppose 0 = -5*c - 2*v + 257 + 3, -208 = -4*c - 5*v. Suppose 2*t - c = 8. Suppose 4*h - 18 = t. What is the units digit of h?
2
What is the tens digit of (178/1)/((-6)/(-3))?
8
What is the units digit of 0 + 1 + -4 - -9?
6
Let q be 2/6 - (-11)/3. Suppose 24 = q*i + 5*f, 4*i = -4*f - 0*f + 20. What is the units digit of i?
1
Let h be (22/8)/((-7)/84). Let a = h - -23. What is the units digit of (1 + -3)*a/4?
5
Let g = 1 + -4. Suppose 17*q - 4 = 21*q. What is the tens digit of (-18)/(-1) - g/q?
1
Let m be (2/6)/(2/(-42)). Let i(p) be the second derivative of -p**4/12 - 3*p**3/2 - 5*p**2 + p. What is the units digit of i(m)?
4
Let m(i) = i**3 + 3*i**2 + i. Let q be m(-2). Suppose 45 = q*j + 3*j. What is the units digit of j?
9
Suppose 0*l + 74 = 3*l - 4*u, -3*u - 23 = -l. What is the tens digit of l?
2
What is the units digit of (-9 - -2) + 4 - 1*-12?
9
Let l(w) = -3*w**2. Let d be l(-1). What is the units digit of (d + 2)/((-2)/18)?
9
Let x(g) = 40*g**3 - 2*g**2 + 2*g - 1. Let r